-3*i + 3*o + 1439568. Is i a composite number?
False
Let w be -6 - ((-170261)/7 + 2). Suppose -5*k + 20*k = w. Is k prime?
True
Is -6 + (-109246)/(-5)*35/(-84)*-6 composite?
False
Suppose 64 = 4*x + 2*f, 2*x + 10 = 2*f + 48. Suppose 55587 = x*t + 4*t. Is t a composite number?
False
Suppose -3*c - 35 = 34*c + 39. Let w(d) = 348*d + 5. Let o(g) = 348*g + 5. Let x(q) = -3*o(q) + 2*w(q). Is x(c) composite?
False
Suppose -5*j = -h + 152295, 26*j - 29*j = -2*h + 304646. Is h a prime number?
False
Let a(i) = -14074*i**3 + 13*i**2 - 4*i - 1. Is a(-4) a prime number?
True
Is 6 - 71430520/(-308) - (-6)/(-22) a prime number?
True
Suppose 7118*j - 7144*j + 1292054 = -1080368. Is j a composite number?
True
Let c(t) = -1171*t**3 + 2*t**2 - 2*t. Let d be c(1). Let a = -612 - d. Is a prime?
False
Suppose 16*z - 509883 - 78326 = 344127. Is z prime?
True
Suppose x - 3*k = -7*k + 3, 0 = 5*x - 3*k - 15. Suppose 5*i + x*i = 2*i. Is (-127)/(-1) - (-7)/21*i a composite number?
False
Suppose 327*l - 329*l + 6143 = -3*p, 5*l = 2*p + 15385. Is l prime?
True
Suppose -258985 = -2*p + 3*c, 2*p + 3*c + c = 258978. Is p a composite number?
False
Let g = -996 - -999. Suppose -5*h + 4613 = -w, 5*h - g*w = 2*w + 4605. Is h a composite number?
True
Suppose 54*p - 14429363 + 5440425 = -212*p. Is p a prime number?
False
Is (18/48 + 2216490/16 - 7)/2 a prime number?
False
Suppose 70*f - u - 720512 = 65*f, -2*f + 5*u = -288237. Is f composite?
True
Let i(h) = -312*h - 837. Is i(-7) a composite number?
True
Let x(u) = -2*u**2 - 52*u + 178. Let z be x(43). Let t(a) = -54*a**3 - 6*a**2 + 3*a + 5. Let m be t(4). Let r = m - z. Is r prime?
True
Let p(t) = 10*t**3 - 2*t**2 - t + 3. Let b be p(1). Suppose -13*a + 10887 = -b*a. Is a a composite number?
True
Is (-72)/(-192) + 5700126/48 a prime number?
False
Suppose 38*t - 300261 = -47447. Is t a prime number?
True
Suppose -265959 = -3*t - 2*q, 5*t - 4*t + 3*q - 88660 = 0. Is t a composite number?
False
Suppose -678367 = 11*v - 16*v + 3*a, 5*v + a = 678351. Is v a composite number?
False
Suppose 22643131 - 14027403 = -71*k + 108526289. Is k a prime number?
False
Let k(q) be the third derivative of q**6/20 + q**5/5 - 9*q**4/8 - 10*q**3/3 + 2*q**2 + 91*q. Is k(17) prime?
True
Suppose 3*d + 1 = 7. Suppose 5*l = d*l + 6. Suppose 4*r = -l*h + 1642, -3*h - 2*h + 4105 = 4*r. Is h composite?
False
Suppose -3*r + 6078 = -4*z - 89287, -2*z = 3*r - 95359. Suppose 5*i + 2*i = r. Is i a composite number?
True
Let d be (-15 - -22) + (-9 - -2). Suppose -4*a + 4 = d, 4*a = -2*h + h + 1485. Is h a composite number?
False
Suppose 5*z - z - 3*g = -112, 3*g + 43 = -z. Let o = -27 - z. Suppose o*k - 4*n - 7204 = 0, 0*n - 3602 = -2*k + 5*n. Is k prime?
True
Let q = -42 + 50. Let p(g) = 40*g**2 + 9*g + 14. Let s be p(q). Let d = 3901 - s. Is d a prime number?
False
Let b be 12*(((-3)/(-6) - -4) + -3). Let z be 13884/b*3/2. Let d = z - -498. Is d composite?
True
Suppose 16*b - 21*b + 243257 = -2*k, -3*b = 2*k - 145935. Is b composite?
False
Let k be (-29)/(-1 - (-6)/12). Suppose -61*b + k*b + 39 = 0. Is b a composite number?
False
Is (721095/20 - 2) + (-15)/(-60) a prime number?
False
Let p(z) = 2099*z**2 + 14*z - 305. Is p(-8) composite?
False
Let w = 749461 - 130442. Is w a prime number?
True
Let v(n) = -1791*n - 2237. Is v(-26) a prime number?
False
Suppose -31*m = -253506 - 502615. Is m a prime number?
True
Let q(f) = 2*f - 16. Suppose 3*v = 15 + 9. Let t be q(v). Suppose 3*p - 1389 + 18 = t. Is p a prime number?
True
Suppose 0 = -6*t + 55 + 5. Suppose -k + 1511 = -3*d, -d + 7 = t. Is k composite?
True
Suppose 28*r - 47360 = 33*r. Let v = -6017 - r. Is v a prime number?
False
Let n(g) = 622*g + 3107. Let x be n(-5). Suppose -3*i = -i - 5584. Is x*(1 + i/(-6)) composite?
True
Let a be (-17)/(-7) + 22/14 + -1. Suppose 0 = -2*r - 3*d + a, -5*r = -5*d + 3*d - 17. Suppose 18775 = r*t + 2*t. Is t composite?
True
Let n = 64204 + 231501. Is n composite?
True
Suppose 137*h - 748489 = -3*i + 139*h, -4*h = 5*i - 1247489. Is i prime?
True
Let t = 141585 + 111821. Is t prime?
False
Let j = 296 + -292. Suppose j*o - 16*d - 2572 = -12*d, 645 = o - 2*d. Is o composite?
False
Suppose -7*w = 2*w - 81876 - 33585. Is w composite?
False
Let k(b) = -15*b + 59*b**2 - 1 + 20 + 97*b**2. Is k(-10) prime?
False
Suppose 0 = 169*v + 29*v - 14309262. Is v a prime number?
True
Suppose -3*k + 4*l = -116, 41 = k + 2*l - 11. Let v = k + -40. Suppose 0 = -v*y + 5*q + 2172 - 683, -q + 741 = 2*y. Is y a prime number?
False
Suppose 6948536 = 49*o + 34*o - 6136829. Is o a composite number?
True
Let g(i) = -6*i - 8. Let d be g(-3). Let a be (-80)/(-32)*(-8)/d. Is -2 + (a - -3) + 4*108 composite?
False
Let q be ((-22)/10 + (-2)/(-10))*4. Let i be ((-442)/q)/(17/8 + -2). Suppose -5*k + i = -z + 2611, -3*z + 2*k + 6455 = 0. Is z prime?
False
Let v(j) = 129*j - 31. Suppose -10*r = -r - 36. Let o be v(r). Suppose 2*a = o + 101. Is a a prime number?
True
Suppose -5*o + 8 = d, -3*d = -22*o + 24*o - 11. Suppose d*j + 10069 = 2*z, 3131 = -z - j + 8173. Is z prime?
True
Let v(y) = 5749*y - 8. Let n(r) = -r + 6. Let i(z) = 6*n(z) + v(z). Is i(3) a composite number?
False
Let y = 159 - 157. Suppose -y*v + 6 = -0*v, 5*l + v = 7358. Is l prime?
True
Let x = -31 - -16. Is x/(-5) + -4 + 11678 prime?
True
Suppose -3*o + 0*o - b + 22 = 0, 3*o - b = 20. Suppose 6*p = o*p - 2. Suppose c = -p*x + 385, -2*c + x + 766 = 3*x. Is c a composite number?
True
Let h = 32093 - 63604. Let q = -19660 - h. Is q a composite number?
True
Is ((-17382033)/405)/(3/(-5)) prime?
False
Suppose -4*x = 4*n - 34188, 4*n - 3*x + 42745 = 9*n. Suppose -3*q + 5071 = -n. Is q a composite number?
True
Suppose 0*p = -4*p - 1088. Let j = 1887 - p. Is j composite?
True
Let r(l) = 18*l + 613. Is r(8) prime?
True
Let a(c) = 2*c - 54. Let n be a(28). Let r(m) = 25*m**n + 12*m**2 - 42*m**2 + 35*m**2 + 1. Is r(-6) composite?
True
Let u = 609 + -910. Let j = u - -818. Is j composite?
True
Suppose -145811 = -53*y + 1124546. Is y a composite number?
True
Let r = 352 - 345. Let d(y) = 59*y**2 - y - 9. Let z(w) = 119*w**2 - 2*w - 18. Let u(k) = 5*d(k) - 2*z(k). Is u(r) composite?
False
Let z(a) = 4128*a + 801. Is z(31) prime?
False
Let n = 107 - 104. Let a = 35 + n. Is a a composite number?
True
Suppose 4662 = 22*r - 4*r. Suppose 0 = r*d - 266*d + 83209. Is d a composite number?
False
Let o be -55 + 52 + ((-17868)/3)/(-2). Let w = 1578 + o. Is w a prime number?
False
Let k(r) = 49*r**2 + 12*r**2 + 21 + 26*r**2 - 25*r - 51*r**2. Is k(10) a prime number?
True
Let q(i) = -1139*i**2 + 30*i + 53. Let z(r) = 3418*r**2 - 91*r - 157. Let h(y) = -7*q(y) - 2*z(y). Is h(-2) a prime number?
True
Let w = 531437 - 257458. Is w a prime number?
True
Suppose h - 3*t = 361534 - 97725, 5*t = -5*h + 1319005. Is h a prime number?
True
Let f be 3/9*(-1 + 121)/2. Let v be (44/(-5))/((-8)/f). Let c = v + 691. Is c a composite number?
True
Let t be (3 - 25/7)*(-14)/4. Suppose -18481 = c - 5*b, -4*b - 36973 = t*c - 3*b. Is (c/(-36))/(2/4) prime?
False
Let o be -1*(-8 - (-8 - 0)). Suppose 4*x - 51572 - 2192 = o. Is x composite?
False
Let i(l) = 128*l - 46. Let n be i(9). Suppose n = -9*k + 24173. Is k a composite number?
True
Let c(h) = -9*h - 18. Let x be c(-2). Suppose 4*t + 4*z - 101016 = x, t - 26598 = -3*z - 1342. Is t a prime number?
True
Suppose -i - 5*k - 10 = 0, 57 = -6*i + 2*i - 3*k. Let r(v) = 19*v - 14. Let a be r(i). Is 2 + (-1 - a - -3) a composite number?
True
Let w be (-3 + 34/4)*(-1 - -3). Let b be ((-4)/(-7))/(w/77). Suppose -6*m + b*m = -1022. Is m composite?
True
Suppose y = 4*w + 1353, 4*w + 5412 = 4*y - w. Suppose -4*s - y = 375. Let m = 769 + s. Is m prime?
True
Let n(u) = -13522*u - 631. Is n(-6) composite?
True
Let t(v) = -3*v**2 - 38*v - 30. Let m be t(-12). Let i = m - -14. Suppose -2*l + 25690 = i*l. Is l composite?
True
Let x = 103 + -48. Is ((-11688)/120)/((-1)/x) prime?
False
Let h(q) = q**3 - 23*q**2 + 22*q + 2. Let v be h(22). Suppose -b + v*z + 1 = 0, 2*b + z - 1 = 4*z. Is b - 150*(-2 + 1) composite?
False
Suppose 6*f + 12*n - 8*n = 72022, -2*f + 24029 = -3*n. Is f a prime number?
True
Let w = 26546 - 15571. Is w - ((-3 - -8) + 3) prime?
False
Let p(m) = -1 + 4*m**2 + 45*m**3 + 0 - 8*m + 6*m. Is p(4) a prime number?
False
Let i(v) = 30*v**2 - 2*v - 